{"id":155,"date":"2012-10-23T09:26:53","date_gmt":"2012-10-23T07:26:53","guid":{"rendered":"http:\/\/localhost\/wp-blum\/?page_id=155"},"modified":"2025-03-29T07:22:25","modified_gmt":"2025-03-29T06:22:25","slug":"agb","status":"publish","type":"page","link":"https:\/\/www.weinhandel-blum.de\/whb\/index.php\/rechtliches\/agb\/","title":{"rendered":"AGB &#038; Widerrufsbelehrung"},"content":{"rendered":"<p style=\"text-align: justify;\"><span style=\"font-size: 10pt;\">F\u00fcr Warenbestellungen gelten ausschlie\u00dflich nachstehende Gesch\u00e4ftsbedingungen des Weinhandel Blum, Grafenspitz 33, 94099 Ruhstorf<\/span><\/p>\n<p style=\"text-align: justify;\"><span style=\"font-size: 10pt;\"><strong>Preise<\/strong><\/span><br \/>\n<span style=\"font-size: 10pt;\"> Alle Preise sind Endpreise, gelten ab Weinhandel Blum. Aufgrund des Kleinunternehmerstatus gem. \u00a7 19 UStG erheben wir keine Umsatzsteuer und weisen diese daher auch nicht aus. Fracht- bzw. Versandkosten werden zus\u00e4tzlich berechnet. Gerne stellen wir einen gemischten Karton individuell nach Ihren W\u00fcnschen zusammen.<\/span><\/p>\n<p style=\"text-align: justify;\"><span style=\"font-size: 10pt;\"><strong>Zahlungsbedingungen<\/strong><\/span><br \/>\n<span style=\"font-size: 10pt;\"> Unsere Rechnungen sind nach Lieferung sofort zu begleichen.. Skontoabzug ist nicht m\u00f6glich und wird zuz\u00fcglich Mahnkosten nachgefordert. Bei Zahlungsverzug berechnen wir Mahnkosten von 5\u20ac je Mahnung und bank\u00fcbliche Zinsen.<\/span><\/p>\n<p><span style=\"font-size: 10pt;\"><strong>Zahlungsart<\/strong><\/span><br \/>\n<span style=\"font-size: 13.3333px;\">Rechnung &#8211; Zahlung erfolgt nach Erhalt der Ware<\/span><br \/>\n<span style=\"font-size: 10pt;\"> Wir behalten uns die \u00dcberpr\u00fcfung der Bonit\u00e4t vor und verlangen im Einzelfall gegebenenfalls Vorkasse.<\/span><\/p>\n<p style=\"text-align: justify;\"><span style=\"font-size: 10pt;\"><strong>Versand<\/strong><\/span><br \/>\n<span style=\"font-size: 10pt;\"> Der Versand erfolgt bei Bestellungen versichert mit Paketdienst. <strong>Wir versenden unsere Ware nur innerhalb von Deutschland.<\/strong><\/span><\/p>\n<p style=\"text-align: justify;\"><span style=\"font-size: 10pt;\"><strong>Versandkosten<\/strong><\/span><br \/>\n<span style=\"font-size: 10pt;\"> Je nach Bestellmenge berechnen wir anteilige Versandkosten. Die Versandkosten betragen innerhalb Deutschlands 9\u20ac pro Karton (12 Flaschen) bei Bestellung bis zu einem Warenwert von 150,- \u20ac. Ab einem Warenwert von 150,- \u20ac k\u00f6nnen Sie beim Bestellvorgang &#8222;Versandkostenfrei&#8220; ausw\u00e4hlen.<br \/>\n<\/span><\/p>\n<p style=\"text-align: justify;\"><span style=\"font-size: 10pt;\"><strong>Lieferzeit<\/strong><br \/>\nDie Lieferzeit betr\u00e4gt in der Regel 4-5 Werktage.<\/span><\/p>\n<p style=\"text-align: justify;\"><span style=\"font-size: 10pt;\"><strong>Geschenkgutscheine<\/strong><\/span><br \/>\n<span style=\"font-size: 10pt;\"> Geschenkgutscheine k\u00f6nnen schriftlich, telefonisch oder \u00fcber den Onlineshop unter Angabe der Codenummer des Gutscheins eingel\u00f6st werden. Sofern ein Gutschein nicht vollst\u00e4ndig verbraucht wird, erhalten Sie f\u00fcr den verbliebenen Restbetrag innerhalb von 4\u20135 Arbeitstagen einen neuen Gutscheincode per Email oder telefonisch. Gutscheine liefern wir <strong>ausschlie\u00dflich gegen Vorkasse<\/strong>; die Barauszahlung von Gutscheinen oder von Restguthaben ist ausgeschlossen!<\/span><\/p>\n<p style=\"text-align: justify;\"><span style=\"font-size: 10pt;\"><strong>Beanstandungen \u2013 Gew\u00e4hrleistung<\/strong><\/span><br \/>\n<span style=\"font-size: 10pt;\"> Ist der Liefergegenstand mangelhaft, gelten die gesetzlichen Vorschriften des BGB. Im Verkehr mit Unternehmen verj\u00e4hren Gew\u00e4hrleistungsanspr\u00fcche des K\u00e4ufers in einem Jahr seit \u00dcbergabe\/Lieferung.<\/span><br \/>\n<span style=\"font-size: 10pt;\"> Offensichtliche M\u00e4ngel m\u00fcssen unmittelbar nach Lieferung, sp\u00e4testens innerhalb einer Woche nach Lieferung angezeigt werden. Sofern eine Beanstandung berechtigt ist, leisten wir Ersatz durch Umtausch, Nachlieferung oder Gutschrift.<\/span><br \/>\n<span style=\"font-size: 10pt;\"> Auskristallisierung von Weinstein ist naturbedingt und&nbsp;ein Qualit\u00e4tsmerkmal, Ablagerungen bei Rotweinen oder leichtes Moussieren bei Wei\u00dfweinen beeinflussen die Weinqualit\u00e4t nicht und sind kein Grund zur Beanstandung.<\/span><\/p>\n<p style=\"text-align: justify;\"><span style=\"font-size: 10pt;\"><strong>Eigentumsvorbehalt<\/strong><\/span><br \/>\n<span style=\"font-size: 10pt;\"> Die gelieferte Ware bleibt bis zur vollst\u00e4ndigen Bezahlung unser Eigentum.<\/span><\/p>\n<p style=\"text-align: justify;\"><span style=\"font-size: 10pt;\"><strong>Jugendschutz<\/strong><\/span><br \/>\n<span style=\"font-size: 10pt;\"> Eine Bestellung und Auslieferung von Wein, Sekt und Spirituosen erfolgt nur an vollj\u00e4hrige Personen. Durch das Akzeptieren dieser Allgemeinen Gesch\u00e4ftsbedingungen w\u00e4hrend des Bestellvorganges best\u00e4tigt der K\u00e4ufer, dass er vollj\u00e4hrig ist.<\/span><\/p>\n<p style=\"text-align: justify;\"><span style=\"font-size: 10pt;\"><strong>Abschlu\u00df des Kaufvertrags<\/strong><\/span><br \/>\n<span style=\"font-size: 10pt;\"> Durch Absenden der Bestellung \u00fcber die Schaltfl\u00e4che \u201czahlungspflichtig bestellen\u201d kommt ein rechtsg\u00fcltiger Kaufvertrag zustande, dem diese Gesch\u00e4ftsbedingungen zugrunde liegen.<\/span><br \/>\n<span style=\"font-size: 10pt;\"> Unmittelbar nach Ihrer Online-Bestellung erhalten Sie eine automatische Best\u00e4tigung \u00fcber deren Eingang Ihrer Bestellung an Ihre Emailadresse. Eine weitere Mitteilung zum Versandmodus erfolgt individuell innerhalb 2\u20133 Arbeitstagen.<\/span><\/p>\n<h3 style=\"text-align: justify;\">&nbsp;<span style=\"font-size: 10pt;\"><strong>Widerrufsbelehrung<\/strong><\/span><\/h3>\n<h3 style=\"text-align: justify;\">&nbsp;<span style=\"font-size: 10pt;\"><strong>Widerrufsrecht f\u00fcr Verbraucher<\/strong><\/span><\/h3>\n<p style=\"text-align: justify;\">&nbsp;<span style=\"font-size: 10pt;\">(Verbraucher ist jede nat\u00fcrliche Person, die ein Rechtsgesch\u00e4ft zu einem Zwecke abschlie\u00dft, der weder ihrer gewerblichen noch selbst\u00e4ndigen beruflichen T\u00e4tigkeit zugerechnet werden kann)<\/span>&nbsp;<\/p>\n<p style=\"text-align: justify;\"><span style=\"font-size: 10pt;\">Sie haben das Recht, binnen vierzehn Tagen ohne Angabe von Gr\u00fcnden diesen Vertrag zu widerrufen.<\/span><\/p>\n<p style=\"text-align: justify;\"><span style=\"font-size: 10pt;\">Die Widerrufsfrist betr\u00e4gt vierzehn Tage ab dem Tag an dem Sie oder ein von Ihnen benannter Dritter, der nicht der Bef\u00f6rderer ist, die Waren in Besitz genommen haben bzw. hat.<\/span><\/p>\n<p style=\"text-align: justify;\"><span style=\"font-size: 10pt;\">Um Ihr Widerrufsrecht auszu\u00fcben, m\u00fcssen Sie uns (Weinhandel Blum, Grafenspitz&nbsp;33, 94099 Ruhstorf,&nbsp; Fax: +49 8531 310 422, Email: <a href=\"mailto:info@Weinhandel-Blum.de\">info@Weinhandel-Blum.de<\/a>) mittels einer eindeutigen Erkl\u00e4rung (z.B. ein mit der Post versandter Brief, Telefax oder Email) \u00fcber Ihren Entschluss, diesen Vertrag zu widerrufen, informieren. Sie k\u00f6nnen daf\u00fcr das <a title=\"Muster-Widerrufsbelehrung\" href=\"https:\/\/www.weinhandel-blum.de\/whb\/index.php\/downloads\/widerrufsbelehrung2014-weinhandelblum-2\/\" target=\"_blank\" rel=\"noopener\">Muster-Widerrufsformular <\/a>&nbsp;verwenden, das jedoch nicht vorgeschrieben ist.<\/span><\/p>\n<p style=\"text-align: justify;\">&nbsp;<span style=\"font-size: 10pt;\">Zur Wahrung der Widerrufsfrist reicht es aus, dass Sie die Mitteilung \u00fcber die Aus\u00fcbung des Widerrufsrechts vor Ablauf der Widerrufsfrist absenden.<\/span><\/p>\n<p style=\"text-align: justify;\">&nbsp;<span style=\"font-size: 10pt;\"><strong>Folgen des Widerrufs<\/strong><\/span><\/p>\n<p style=\"text-align: justify;\">&nbsp;<span style=\"font-size: 10pt;\">Wenn Sie diesen Vertrag widerrufen, haben Wir Ihnen alle Zahlungen, die wir von Ihnen erhalten haben, einschlie\u00dflich der Lieferkosten (mit Ausnahme der zus\u00e4tzlichen Kosten, die sich daraus ergeben, dass Sie eine andere Art der Lieferung als die von uns angebotene Standlieferung gew\u00e4hlt haben), unverz\u00fcglich und sp\u00e4testens binnen vierzehn Tagen ab dem Tag zur\u00fcckzahlen, an dem die Mitteilung \u00fcber Ihren Widerruf dieses Vertrags bei uns eingegangen ist. F\u00fcr diese R\u00fcckzahlung verwenden wir dasselbe Zahlungsmittel, das Sie bei der urspr\u00fcnglichen Transaktion eingesetzt haben, es sei denn, mit Ihnen wurde ausdr\u00fccklich etwas anderes vereinbart. In keinem Fall werden Ihnen wegen dieser R\u00fcckzahlung Entgelte berechnet. Wir k\u00f6nnen die R\u00fcckzahlung verweigern, bis wir die Waren wieder zur\u00fcckerhalten haben oder bis Sie den Nachweis erbracht haben, dass Sie die Waren zur\u00fcckgesandt haben, je nachdem, welches der fr\u00fchere Zeitpunkt ist.<\/span><\/p>\n<p style=\"text-align: justify;\">&nbsp;<span style=\"font-size: 10pt;\">Sie haben die Waren unverz\u00fcglich und in jedem Fall sp\u00e4testens binnen vierzehn Tagen ab dem Tag, an dem Sie uns \u00fcber den Widerruf dieses Vertrags unterrichten, an uns (Weinhandel Blum, Grafenspitz 33, 94099 Ruhstorf) zur\u00fcckzusenden oder zu \u00fcbergeben. Die Frist ist gewahrt, wenn Sie die Waren vor Ablauf der Frist von vierzehn Tagen absenden.<\/span><\/p>\n<p style=\"text-align: justify;\">&nbsp;<span style=\"font-size: 10pt;\">Senden Sie die Ware in Originalverpackung mit s\u00e4mtlichem Zubeh\u00f6r und mit allen Verpackungsbestandteilen an uns zur\u00fcck. Wenn Sie die Originalverpackung nicht mehr besitzen, sorgen Sie bitte zur Vermeidung von Transportsch\u00e4den f\u00fcr eine geeignete Verpackung. Sie tragen die unmittelbaren Kosten und Haftung der R\u00fccksendung der Waren.<\/span><\/p>\n<p style=\"text-align: justify;\"><span style=\"font-size: 10pt;\">Sie m\u00fcssen f\u00fcr einen etwaigen Wertverlust der Waren nur aufkommen, denn dieser Wertverlust oder Verschlechterung der Ware auf eine Nutzung oder einen zur Pr\u00fcfung der Beschaffenheit, Eigenschaften und Funktionsweise der Waren nicht notwendigen Umgang mit Ihnen zur\u00fcckzuf\u00fchren ist.Unter \u201ePr\u00fcfung der Beschaffenheit, Eigenschaften und der Funktionsweise der Waren\u201c versteht man das Testen und Ausprobieren der jeweiligen Ware, wie es etwa in einem Ladengesch\u00e4ft m\u00f6glich und \u00fcblich ist.<\/span><\/p>\n","protected":false},"excerpt":{"rendered":"<p>F\u00fcr Warenbestellungen gelten ausschlie\u00dflich nachstehende Gesch\u00e4ftsbedingungen des Weinhandel Blum, Grafenspitz 33, 94099 Ruhstorf Preise Alle Preise sind Endpreise, gelten ab Weinhandel Blum. Aufgrund des Kleinunternehmerstatus gem. \u00a7 19 UStG erheben wir keine Umsatzsteuer und weisen diese daher auch nicht aus. Fracht- bzw. Versandkosten werden zus\u00e4tzlich berechnet. Gerne stellen wir einen gemischten Karton individuell nach Ihren [&hellip;]<\/p>\n","protected":false},"author":2,"featured_media":0,"parent":3867,"menu_order":1,"comment_status":"closed","ping_status":"closed","template":"","meta":{"ngg_post_thumbnail":0,"footnotes":""},"class_list":["post-155","page","type-page","status-publish","hentry"],"_links":{"self":[{"href":"https:\/\/www.weinhandel-blum.de\/whb\/index.php\/wp-json\/wp\/v2\/pages\/155","targetHints":{"allow":["GET"]}}],"collection":[{"href":"https:\/\/www.weinhandel-blum.de\/whb\/index.php\/wp-json\/wp\/v2\/pages"}],"about":[{"href":"https:\/\/www.weinhandel-blum.de\/whb\/index.php\/wp-json\/wp\/v2\/types\/page"}],"author":[{"embeddable":true,"href":"https:\/\/www.weinhandel-blum.de\/whb\/index.php\/wp-json\/wp\/v2\/users\/2"}],"replies":[{"embeddable":true,"href":"https:\/\/www.weinhandel-blum.de\/whb\/index.php\/wp-json\/wp\/v2\/comments?post=155"}],"version-history":[{"count":31,"href":"https:\/\/www.weinhandel-blum.de\/whb\/index.php\/wp-json\/wp\/v2\/pages\/155\/revisions"}],"predecessor-version":[{"id":3790,"href":"https:\/\/www.weinhandel-blum.de\/whb\/index.php\/wp-json\/wp\/v2\/pages\/155\/revisions\/3790"}],"up":[{"embeddable":true,"href":"https:\/\/www.weinhandel-blum.de\/whb\/index.php\/wp-json\/wp\/v2\/pages\/3867"}],"wp:attachment":[{"href":"https:\/\/www.weinhandel-blum.de\/whb\/index.php\/wp-json\/wp\/v2\/media?parent=155"}],"curies":[{"name":"wp","href":"https:\/\/api.w.org\/{rel}","templated":true}]}}