{"id":1206,"date":"2013-06-23T16:22:46","date_gmt":"2013-06-23T14:22:46","guid":{"rendered":"https:\/\/www.weinhandel-blum.de\/whb\/?page_id=1206"},"modified":"2022-11-20T14:08:40","modified_gmt":"2022-11-20T13:08:40","slug":"weinprobe-am-10-6-2013-bei-salzls-in-illmitz","status":"publish","type":"page","link":"https:\/\/www.weinhandel-blum.de\/whb\/index.php\/weinhandel-blum\/weinprobe-am-10-6-2013-bei-salzls-in-illmitz\/","title":{"rendered":"Weinprobe 10.06.2013"},"content":{"rendered":"<p style=\"text-align: center;\"><a href=\"https:\/\/www.weinhandel-blum.de\/whb\/index.php\/weinprobe-am-10-6-2013-bei-salzls-in-illmitz\/weinprobe-10-6-13-illmitz-1\/\" rel=\"attachment wp-att-1491\"><img loading=\"lazy\" decoding=\"async\" class=\"alignnone wp-image-1491 \" src=\"https:\/\/www.weinhandel-blum.de\/whb\/wp-content\/uploads\/2013\/06\/Weinprobe-10.6.13-Illmitz-1-300x224.jpg\" alt=\"Weinprobe 10.6.13 Illmitz 1\" width=\"536\" height=\"400\" srcset=\"https:\/\/www.weinhandel-blum.de\/whb\/wp-content\/uploads\/2013\/06\/Weinprobe-10.6.13-Illmitz-1-300x224.jpg 300w, https:\/\/www.weinhandel-blum.de\/whb\/wp-content\/uploads\/2013\/06\/Weinprobe-10.6.13-Illmitz-1.jpg 403w\" sizes=\"auto, (max-width: 536px) 100vw, 536px\" \/><\/a><\/p>\n<p style=\"text-align: center;\"><a href=\"https:\/\/www.weinhandel-blum.de\/whb\/index.php\/weinprobe-am-10-6-2013-bei-salzls-in-illmitz\/weinprobe-10-6-13-illmitz\/\" rel=\"attachment wp-att-1494\"><img loading=\"lazy\" decoding=\"async\" class=\"alignnone wp-image-1494 \" src=\"https:\/\/www.weinhandel-blum.de\/whb\/wp-content\/uploads\/2013\/06\/Weinprobe-10.6.13-Illmitz-300x225.jpg\" alt=\"Weinprobe 10.6.13 Illmitz\" width=\"535\" height=\"401\" srcset=\"https:\/\/www.weinhandel-blum.de\/whb\/wp-content\/uploads\/2013\/06\/Weinprobe-10.6.13-Illmitz-300x225.jpg 300w, https:\/\/www.weinhandel-blum.de\/whb\/wp-content\/uploads\/2013\/06\/Weinprobe-10.6.13-Illmitz-450x338.jpg 450w, https:\/\/www.weinhandel-blum.de\/whb\/wp-content\/uploads\/2013\/06\/Weinprobe-10.6.13-Illmitz-600x450.jpg 600w, https:\/\/www.weinhandel-blum.de\/whb\/wp-content\/uploads\/2013\/06\/Weinprobe-10.6.13-Illmitz-768x576.jpg 768w, https:\/\/www.weinhandel-blum.de\/whb\/wp-content\/uploads\/2013\/06\/Weinprobe-10.6.13-Illmitz.jpg 1224w\" sizes=\"auto, (max-width: 535px) 100vw, 535px\" \/><\/a><\/p>\n<p style=\"text-align: center;\">Wir konnten uns von der hervorragenden Qualit\u00e4t der 2012-Jahrg\u00e4nge \u00fcberzeugen.<br \/>\nEin lustiger Abend bei Salzl`s in Illmitz !!<\/p>\n<p>&nbsp;&nbsp;<\/p>\n","protected":false},"excerpt":{"rendered":"<p>Wir konnten uns von der hervorragenden Qualit\u00e4t der 2012-Jahrg\u00e4nge \u00fcberzeugen. Ein lustiger Abend bei Salzl`s in Illmitz !! &nbsp;&nbsp;<\/p>\n","protected":false},"author":3,"featured_media":0,"parent":7,"menu_order":8,"comment_status":"closed","ping_status":"closed","template":"","meta":{"ngg_post_thumbnail":0,"footnotes":""},"class_list":["post-1206","page","type-page","status-publish","hentry"],"_links":{"self":[{"href":"https:\/\/www.weinhandel-blum.de\/whb\/index.php\/wp-json\/wp\/v2\/pages\/1206","targetHints":{"allow":["GET"]}}],"collection":[{"href":"https:\/\/www.weinhandel-blum.de\/whb\/index.php\/wp-json\/wp\/v2\/pages"}],"about":[{"href":"https:\/\/www.weinhandel-blum.de\/whb\/index.php\/wp-json\/wp\/v2\/types\/page"}],"author":[{"embeddable":true,"href":"https:\/\/www.weinhandel-blum.de\/whb\/index.php\/wp-json\/wp\/v2\/users\/3"}],"replies":[{"embeddable":true,"href":"https:\/\/www.weinhandel-blum.de\/whb\/index.php\/wp-json\/wp\/v2\/comments?post=1206"}],"version-history":[{"count":13,"href":"https:\/\/www.weinhandel-blum.de\/whb\/index.php\/wp-json\/wp\/v2\/pages\/1206\/revisions"}],"predecessor-version":[{"id":3895,"href":"https:\/\/www.weinhandel-blum.de\/whb\/index.php\/wp-json\/wp\/v2\/pages\/1206\/revisions\/3895"}],"up":[{"embeddable":true,"href":"https:\/\/www.weinhandel-blum.de\/whb\/index.php\/wp-json\/wp\/v2\/pages\/7"}],"wp:attachment":[{"href":"https:\/\/www.weinhandel-blum.de\/whb\/index.php\/wp-json\/wp\/v2\/media?parent=1206"}],"curies":[{"name":"wp","href":"https:\/\/api.w.org\/{rel}","templated":true}]}}

<p style="text-align: center;"><a href="https://www.weinhandel-blum.de/whb/index.php/weinprobe-am-10-6-2013-bei-salzls-in-illmitz/weinprobe-10-6-13-illmitz-1/" rel="attachment wp-att-1491"><img loading="lazy" decoding="async" class="alignnone wp-image-1491 " src="https://www.weinhandel-blum.de/whb/wp-content/uploads/2013/06/Weinprobe-10.6.13-Illmitz-1-300x224.jpg" alt="Weinprobe 10.6.13 Illmitz 1" width="536" height="400" srcset="https://www.weinhandel-blum.de/whb/wp-content/uploads/2013/06/Weinprobe-10.6.13-Illmitz-1-300x224.jpg 300w, https://www.weinhandel-blum.de/whb/wp-content/uploads/2013/06/Weinprobe-10.6.13-Illmitz-1.jpg 403w" sizes="auto, (max-width: 536px) 100vw, 536px" /></a></p>
<p style="text-align: center;"><a href="https://www.weinhandel-blum.de/whb/index.php/weinprobe-am-10-6-2013-bei-salzls-in-illmitz/weinprobe-10-6-13-illmitz/" rel="attachment wp-att-1494"><img loading="lazy" decoding="async" class="alignnone wp-image-1494 " src="https://www.weinhandel-blum.de/whb/wp-content/uploads/2013/06/Weinprobe-10.6.13-Illmitz-300x225.jpg" alt="Weinprobe 10.6.13 Illmitz" width="535" height="401" srcset="https://www.weinhandel-blum.de/whb/wp-content/uploads/2013/06/Weinprobe-10.6.13-Illmitz-300x225.jpg 300w, https://www.weinhandel-blum.de/whb/wp-content/uploads/2013/06/Weinprobe-10.6.13-Illmitz-450x338.jpg 450w, https://www.weinhandel-blum.de/whb/wp-content/uploads/2013/06/Weinprobe-10.6.13-Illmitz-600x450.jpg 600w, https://www.weinhandel-blum.de/whb/wp-content/uploads/2013/06/Weinprobe-10.6.13-Illmitz-768x576.jpg 768w, https://www.weinhandel-blum.de/whb/wp-content/uploads/2013/06/Weinprobe-10.6.13-Illmitz.jpg 1224w" sizes="auto, (max-width: 535px) 100vw, 535px" /></a></p>
<p style="text-align: center;">Wir konnten uns von der hervorragenden Qualität der 2012-Jahrgänge überzeugen.<br />
Ein lustiger Abend bei Salzl`s in Illmitz !!</p>
<p>&nbsp;&nbsp;</p>

<p>Wir konnten uns von der hervorragenden Qualität der 2012-Jahrgänge überzeugen. Ein lustiger Abend bei Salzl`s in Illmitz !! &nbsp;&nbsp;</p>
